6
Calculate the highest common divisor of 3180 and 572577020.
1060
What is the greatest common factor of 864 and 4553874?
54
What is the highest common factor of 10280428 and 632?
316
What is the highest common divisor of 616533 and 11852949?
4083
Calculate the greatest common divisor of 15516 and 1059948.
36
Calculate the highest common divisor of 1122829 and 236.
59
What is the highest common divisor of 2324 and 12705640?
332
Calculate the highest common factor of 22320787 and 805.
23
What is the highest common divisor of 15 and 74703845?
5
What is the highest common factor of 61 and 1012311043?
61
What is the greatest common factor of 1159900 and 63700?
700
Calculate the highest common factor of 7192666 and 884.
442
What is the highest common factor of 51634033 and 88?
11
What is the greatest common divisor of 363 and 237754?
11
What is the greatest common factor of 12854289 and 63?
21
Calculate the greatest common divisor of 6768 and 1052496.
144
What is the greatest common factor of 227242365 and 42?
21
What is the highest common divisor of 8959 and 8217511?
527
What is the highest common factor of 101101406 and 4396?
2198
What is the greatest common factor of 12078 and 860222?
1342
What is the highest common divisor of 607635 and 3213?
189
What is the highest common factor of 5024 and 1661688?
1256
Calculate the greatest common factor of 56 and 1073940140.
28
Calculate the highest common divisor of 2992000 and 391.
17
What is the greatest common factor of 25158357 and 567?
567
Calculate the highest common divisor of 57233126 and 29674.
802
What is the highest common factor of 318 and 114318?
6
Calculate the highest common factor of 206815 and 1499020.
1555
What is the highest common factor of 78 and 8328619?
13
What is the greatest common factor of 336 and 30702784?
112
Calculate the greatest common factor of 13 and 6198344919.
13
What is the greatest common divisor of 616 and 2133439?
77
Calculate the highest common divisor of 86584 and 1177104.
1096
Calculate the greatest common divisor of 1592 and 37745524.
796
What is the greatest common factor of 1800 and 3166560?
360
What is the greatest common divisor of 38723040 and 144?
144
What is the greatest common factor of 25725 and 82173?
147
Calculate the highest common factor of 108933881 and 63.
7
What is the greatest common divisor of 1731 and 3553166?
577
Calculate the greatest common divisor of 5236338 and 408858.
4926
Calculate the greatest common divisor of 2001 and 96241430.
667
Calculate the greatest common divisor of 227509 and 9289739.
1271
Calculate the greatest common factor of 30706 and 38246.
26
Calculate the greatest common divisor of 5909 and 37867.
19
What is the greatest common divisor of 140 and 27773914?
14
Calculate the highest common divisor of 17438034 and 2162.
94
What is the greatest common factor of 5175 and 21887375?
575
What is the highest common factor of 207083844 and 66?
66
What is the highest common divisor of 180828 and 6174?
18
Calculate the highest common divisor of 47868250 and 50.
50
Calculate the highest common factor of 5243684 and 136.
68
What is the highest common divisor of 108 and 518998608?
36
Calculate the highest common divisor of 18940025 and 4040.
505
Calculate the highest common divisor of 183752719 and 4696.
587
What is the greatest common factor of 320970027 and 21?
21
Calculate the greatest common divisor of 107233693 and 14.
7
Calculate the highest common factor of 63382 and 4378.
22
What is the greatest common divisor of 67879730 and 428?
214
Calculate the highest common factor of 19786470 and 357.
51
Calculate the highest common divisor of 700 and 1085177380.
140
Calculate the greatest common factor of 6756 and 1758.
6
Calculate the greatest common divisor of 1089331288 and 8.
8
Calculate the greatest common factor of 201427 and 4811552.
2837
What is the greatest common factor of 1744 and 4875184?
16
Calculate the highest common factor of 777 and 176239399.
259
What is the greatest common factor of 314010 and 743220?
90
What is the highest common divisor of 371505725 and 5325?
1775
Calculate the highest common divisor of 1604431 and 1957.
103
Calculate the highest common divisor of 16184 and 6308960.
56
What is the highest common factor of 90 and 154837890?
90
What is the greatest common factor of 10507 and 11591881?
133
Calculate the highest common factor of 319065656 and 98.
98
What is the greatest common factor of 201245 and 4400?
55
What is the greatest common divisor of 7948507 and 7?
7
Calculate the highest common divisor of 4563 and 104673465.
351
Calculate the greatest common factor of 192951 and 235257.
33
What is the greatest common divisor of 10 and 2634041010?
10
What is the greatest common divisor of 12 and 138924840?
12
Calculate the greatest common factor of 381249376 and 32.
32
Calculate the highest common divisor of 4212 and 1497613.
13
What is the highest common factor of 220334 and 2460?
82
What is the highest common factor of 92 and 381078007?
23
What is the highest common factor of 3127 and 1113743?
59
Calculate the highest common factor of 5258 and 3078559.
2629
Calculate the highest common factor of 808128 and 27968.
1472
Calculate the greatest common divisor of 117115395 and 25.
5
What is the highest common divisor of 17468836 and 258?
86
Calculate the highest common factor of 434 and 39992302.
14
Calculate the highest common divisor of 371281 and 13.
1
What is the highest common divisor of 12879 and 848?
53
What is the highest common divisor of 9185720 and 2064560?
5240
What is the greatest common factor of 777 and 221410035?
777
What is the highest common divisor of 9086 and 3630088?
154
Calculate the highest common divisor of 6579535 and 10.
5
What is the greatest common factor of 2445 and 231210?
15
Calculate the highest common divisor of 280 and 49371560.
280
Calculate the greatest common factor of 80638 and 580243.
1753
What is the greatest common factor of 96 and 867953976?
24
Calculate the highest common divisor of 20 and 23974.
2
What is the greatest common divisor of 977928 and 184?
8
Calculate the highest common factor of 11011 and 36296491.
847
Calculate the highest common factor of 70725 and 186083133.
2829
Calculate the greatest common factor of 10 and 418533770.
10
Calculate the highest common factor of 748 and 14020886.
374
Calculate the highest common divisor of 16109541 and 2664.
333
Calculate the highest common divisor of 182 and 494534677.
91
What is the highest common factor of 113875 and 24625?
125
What is the highest common factor of 1307663046 and 4230?
846
Calculate the highest common divisor of 234806 and 67782.
286
Calculate the highest common factor of 868 and 10222870.
434
Calculate the highest common divisor of 416 and 13355147.
13
Calculate the highest common divisor of 481285 and 6580.
35
Calculate the highest common divisor of 265521 and 3582552.
3963
Calculate the highest common divisor of 43632 and 1865808.
432
What is the greatest common factor of 61244101 and 552?
23
Calculate the highest common divisor of 11772530 and 7630.
70
What is the greatest common divisor of 8483 and 14986966?
499
What is the greatest common divisor of 1210 and 26209205?
605
Calculate the greatest common factor of 35 and 2894864.
7
Calculate the highest common divisor of 5776922 and 1559702.
6694
What is the highest common divisor of 92778 and 27846?
42
Calculate the greatest common divisor of 34007097 and 2043.
681
Calculate the highest common factor of 1692576 and 85536.
2592
Calculate the highest common factor of 4703853 and 467313.
1617
Calculate the highest common divisor of 68376 and 70361753.
2849
Calculate the greatest common factor of 3025 and 2741013.
121
What is the greatest common divisor of 102453252 and 2244?
132
What is the greatest common divisor of 52128678 and 546?
42
What is the highest common divisor of 300440 and 1931300?
140
What is the greatest common factor of 3042 and 22856067?
1521
Calculate the greatest common factor of 102 and 1811843.
17
What is the highest common factor of 289 and 60251?
1
Calculate the highest common divisor of 13454980 and 1540.
1540
Calculate the highest common factor of 21755 and 73720.
95
What is the greatest common factor of 612 and 38262087?